{"id":457,"date":"2026-01-21T17:45:20","date_gmt":"2026-01-21T16:45:20","guid":{"rendered":"https:\/\/dkm-cnc.com\/?page_id=457"},"modified":"2026-01-21T19:24:44","modified_gmt":"2026-01-21T18:24:44","slug":"polityka-prywatnosci","status":"publish","type":"page","link":"https:\/\/dkm-cnc.com\/?page_id=457","title":{"rendered":"Polityka prywatno\u015bci"},"content":{"rendered":"\t\t<div data-elementor-type=\"wp-page\" data-elementor-id=\"457\" class=\"elementor elementor-457\">\n\t\t\t\t<div class=\"elementor-element elementor-element-5169e51 e-flex e-con-boxed e-con e-parent\" data-id=\"5169e51\" data-element_type=\"container\">\n\t\t\t\t\t<div class=\"e-con-inner\">\n\t\t\t\t<div class=\"elementor-element elementor-element-749ad09 elementor-widget elementor-widget-heading\" data-id=\"749ad09\" data-element_type=\"widget\" data-widget_type=\"heading.default\">\n\t\t\t\t\t<h2 class=\"elementor-heading-title elementor-size-default\"><span data-metadata=\"&lt;!--(figmeta)eyJmaWxlS2V5IjoidUVoRUVXNmtrNE1Dc29DSFFIR2xReCIsInBhc3RlSUQiOjE2Mjg1Mjg4MjcsImRhdGFUeXBlIjoic2NlbmUifQo=(\/figmeta)--&gt;\"><\/span>Polityka prywatno\u015bci<\/h2>\t\t\t\t<\/div>\n\t\t\t\t<div class=\"elementor-element elementor-element-85b48c8 elementor-widget elementor-widget-text-editor\" data-id=\"85b48c8\" data-element_type=\"widget\" data-widget_type=\"text-editor.default\">\n\t\t\t\t\t\t\t\t\t<h2 data-start=\"497\" data-end=\"520\">1. Informacje og\u00f3lne<\/h2>\n<p data-start=\"522\" data-end=\"693\">Niniejsza Polityka prywatno\u015bci okre\u015bla zasady przetwarzania danych osobowych oraz wykorzystywania plik\u00f3w cookies przez U\u017cytkownik\u00f3w strony internetowej <strong data-start=\"674\" data-end=\"692\">https:\/\/dkm-cnc.com\/<\/strong>.<\/p>\n<p data-start=\"695\" data-end=\"847\">Administratorem danych osobowych jest:<br data-start=\"733\" data-end=\"736\"><strong data-start=\"736\" data-end=\"771\">[NAZWA FIRMY \/ IMI\u0118 I NAZWISKO]<\/strong><br data-start=\"771\" data-end=\"774\">adres: <strong data-start=\"781\" data-end=\"792\">[ADRES]<\/strong><br data-start=\"792\" data-end=\"795\">e-mail: <strong data-start=\"803\" data-end=\"815\">[E-MAIL]<\/strong><br data-start=\"815\" data-end=\"818\">telefon: <strong data-start=\"827\" data-end=\"847\">[NUMER TELEFONU]<\/strong><\/p>\n<hr data-start=\"849\" data-end=\"852\">\n<h2 data-start=\"854\" data-end=\"888\">2. Zakres przetwarzanych danych<\/h2>\n<p data-start=\"890\" data-end=\"1020\">Administrator przetwarza dane osobowe przekazywane dobrowolnie przez U\u017cytkownik\u00f3w za po\u015brednictwem formularza kontaktowego, w tym:<\/p>\n<ul data-start=\"1022\" data-end=\"1094\">\n<li data-start=\"1022\" data-end=\"1040\">\n<p data-start=\"1024\" data-end=\"1040\">imi\u0119 i nazwisko,<\/p>\n<\/li>\n<li data-start=\"1041\" data-end=\"1056\">\n<p data-start=\"1043\" data-end=\"1056\">adres e-mail,<\/p>\n<\/li>\n<li data-start=\"1057\" data-end=\"1074\">\n<p data-start=\"1059\" data-end=\"1074\">numer telefonu,<\/p>\n<\/li>\n<li data-start=\"1075\" data-end=\"1094\">\n<p data-start=\"1077\" data-end=\"1094\">tre\u015b\u0107 wiadomo\u015bci.<\/p>\n<\/li>\n<\/ul>\n<p data-start=\"1096\" data-end=\"1175\">Podanie danych jest dobrowolne, lecz niezb\u0119dne do realizacji celu kontaktowego.<\/p>\n<hr data-start=\"1177\" data-end=\"1180\">\n<h2 data-start=\"1182\" data-end=\"1213\">3. Cele przetwarzania danych<\/h2>\n<p data-start=\"1215\" data-end=\"1251\">Dane osobowe przetwarzane s\u0105 w celu:<\/p>\n<ul data-start=\"1253\" data-end=\"1459\">\n<li data-start=\"1253\" data-end=\"1328\">\n<p data-start=\"1255\" data-end=\"1328\">udzielenia odpowiedzi na zapytanie przes\u0142ane za po\u015brednictwem formularza,<\/p>\n<\/li>\n<li data-start=\"1329\" data-end=\"1387\">\n<p data-start=\"1331\" data-end=\"1387\">prowadzenia dalszej korespondencji dotycz\u0105cej zapytania,<\/p>\n<\/li>\n<li data-start=\"1388\" data-end=\"1459\">\n<p data-start=\"1390\" data-end=\"1459\">obs\u0142ugi zapyta\u0144 zwi\u0105zanych z ofert\u0105 lub dzia\u0142alno\u015bci\u0105 Administratora.<\/p>\n<\/li>\n<\/ul>\n<hr data-start=\"1461\" data-end=\"1464\">\n<h2 data-start=\"1466\" data-end=\"1508\">4. Podstawa prawna przetwarzania danych<\/h2>\n<p data-start=\"1510\" data-end=\"1562\">Podstaw\u0105 prawn\u0105 przetwarzania danych osobowych jest:<\/p>\n<ul data-start=\"1564\" data-end=\"1815\">\n<li data-start=\"1564\" data-end=\"1612\">\n<p data-start=\"1566\" data-end=\"1612\">art. 6 ust. 1 lit. a RODO \u2013 zgoda U\u017cytkownika,<\/p>\n<\/li>\n<li data-start=\"1613\" data-end=\"1710\">\n<p data-start=\"1615\" data-end=\"1710\">art. 6 ust. 1 lit. b RODO \u2013 dzia\u0142ania podejmowane na \u017c\u0105danie U\u017cytkownika przed zawarciem umowy,<\/p>\n<\/li>\n<li data-start=\"1711\" data-end=\"1815\">\n<p data-start=\"1713\" data-end=\"1815\">art. 6 ust. 1 lit. f RODO \u2013 prawnie uzasadniony interes Administratora polegaj\u0105cy na obs\u0142udze zapyta\u0144.<\/p>\n<\/li>\n<\/ul>\n<hr data-start=\"1817\" data-end=\"1820\">\n<h2 data-start=\"1822\" data-end=\"1843\">5. Odbiorcy danych<\/h2>\n<p data-start=\"1845\" data-end=\"2022\">Dane osobowe mog\u0105 by\u0107 przekazywane podmiotom wsp\u00f3\u0142pracuj\u0105cym z Administratorem wy\u0142\u0105cznie w zakresie niezb\u0119dnym do realizacji us\u0142ug, w szczeg\u00f3lno\u015bci podmiotom \u015bwiadcz\u0105cym us\u0142ugi:<\/p>\n<ul data-start=\"2024\" data-end=\"2117\">\n<li data-start=\"2024\" data-end=\"2037\">\n<p data-start=\"2026\" data-end=\"2037\">hostingowe,<\/p>\n<\/li>\n<li data-start=\"2038\" data-end=\"2054\">\n<p data-start=\"2040\" data-end=\"2054\">informatyczne,<\/p>\n<\/li>\n<li data-start=\"2055\" data-end=\"2117\">\n<p data-start=\"2057\" data-end=\"2117\">analityczne i marketingowe (po uzyskaniu zgody U\u017cytkownika).<\/p>\n<\/li>\n<\/ul>\n<hr data-start=\"2119\" data-end=\"2122\">\n<h2 data-start=\"2124\" data-end=\"2157\">6. Okres przechowywania danych<\/h2>\n<p data-start=\"2159\" data-end=\"2350\">Dane osobowe przechowywane s\u0105 przez okres niezb\u0119dny do realizacji celu, dla kt\u00f3rego zosta\u0142y zebrane, a po jego zako\u0144czeniu przez czas wymagany przepisami prawa lub do momentu cofni\u0119cia zgody.<\/p>\n<hr data-start=\"2352\" data-end=\"2355\">\n<h2 data-start=\"2357\" data-end=\"2380\">7. Prawa U\u017cytkownika<\/h2>\n<p data-start=\"2382\" data-end=\"2405\">U\u017cytkownik ma prawo do:<\/p>\n<ul data-start=\"890\" data-end=\"1348\">\n<li data-start=\"890\" data-end=\"927\">\n<p data-start=\"892\" data-end=\"927\">dost\u0119pu do swoich danych osobowych,<\/p>\n<\/li>\n<li data-start=\"928\" data-end=\"947\">\n<p data-start=\"930\" data-end=\"947\">ich sprostowania,<\/p>\n<\/li>\n<li data-start=\"948\" data-end=\"1133\">\n<p data-start=\"950\" data-end=\"1133\">\u017c\u0105dania usuni\u0119cia danych, o ile nie zachodz\u0105 okoliczno\u015bci wy\u0142\u0105czaj\u0105ce to prawo, w szczeg\u00f3lno\u015bci gdy dane s\u0105 niezb\u0119dne do prowadzenia korespondencji lub realizacji obowi\u0105zk\u00f3w prawnych,<\/p>\n<\/li>\n<li data-start=\"1134\" data-end=\"1170\">\n<p data-start=\"1136\" data-end=\"1170\">ograniczenia przetwarzania danych,<\/p>\n<\/li>\n<li data-start=\"1171\" data-end=\"1193\">\n<p data-start=\"1173\" data-end=\"1193\">przenoszenia danych,<\/p>\n<\/li>\n<li data-start=\"1194\" data-end=\"1284\">\n<p data-start=\"1196\" data-end=\"1284\">cofni\u0119cia zgody w dowolnym momencie, je\u017celi przetwarzanie odbywa si\u0119 na podstawie zgody,<\/p>\n<\/li>\n<li data-start=\"1285\" data-end=\"1348\">\n<p data-start=\"1287\" data-end=\"1348\">wniesienia skargi do Prezesa Urz\u0119du Ochrony Danych Osobowych.<\/p>\n<\/li>\n<\/ul>\n<hr data-start=\"2642\" data-end=\"2645\">\n<h2 data-start=\"2647\" data-end=\"2666\">8. Pliki cookies<\/h2>\n<p data-start=\"2668\" data-end=\"2814\">Strona internetowa wykorzystuje pliki cookies w celu zapewnienia prawid\u0142owego dzia\u0142ania strony, prowadzenia statystyk oraz dzia\u0142a\u0144 marketingowych.<\/p>\n<p data-start=\"2816\" data-end=\"2872\">Strona mo\u017ce stosowa\u0107 nast\u0119puj\u0105ce rodzaje plik\u00f3w cookies:<\/p>\n<ul data-start=\"2873\" data-end=\"3160\">\n<li data-start=\"2873\" data-end=\"2948\">\n<p data-start=\"2875\" data-end=\"2948\"><strong data-start=\"2875\" data-end=\"2897\">cookies techniczne<\/strong> \u2013 niezb\u0119dne do prawid\u0142owego funkcjonowania strony,<\/p>\n<\/li>\n<li data-start=\"2949\" data-end=\"3037\">\n<p data-start=\"2951\" data-end=\"3037\"><strong data-start=\"2951\" data-end=\"2975\">cookies statystyczne<\/strong> \u2013 s\u0142u\u017c\u0105ce do analizy ruchu na stronie (np. Google Analytics),<\/p>\n<\/li>\n<li data-start=\"3038\" data-end=\"3160\">\n<p data-start=\"3040\" data-end=\"3160\"><strong data-start=\"3040\" data-end=\"3064\">cookies marketingowe<\/strong> \u2013 wykorzystywane do prowadzenia dzia\u0142a\u0144 marketingowych i remarketingowych (np. Facebook Pixel).<\/p>\n<\/li>\n<\/ul>\n<p data-start=\"3162\" data-end=\"3296\">Cookies statystyczne i marketingowe s\u0105 uruchamiane wy\u0142\u0105cznie po uzyskaniu zgody U\u017cytkownika wyra\u017conej za po\u015brednictwem banera cookies.<\/p>\n<p data-start=\"3298\" data-end=\"3454\">U\u017cytkownik ma mo\u017cliwo\u015b\u0107 zarz\u0105dzania zgodami oraz ich cofni\u0119cia w dowolnym momencie za pomoc\u0105 ustawie\u0144 banera cookies lub ustawie\u0144 przegl\u0105darki internetowej.<\/p>\n<hr data-start=\"3456\" data-end=\"3459\">\n<h2 data-start=\"3461\" data-end=\"3488\">9. Bezpiecze\u0144stwo danych<\/h2>\n<p data-start=\"3490\" data-end=\"3692\">Administrator stosuje odpowiednie \u015brodki techniczne i organizacyjne w celu zapewnienia ochrony przetwarzanych danych osobowych, w szczeg\u00f3lno\u015bci przed ich nieuprawnionym dost\u0119pem, utrat\u0105 lub modyfikacj\u0105.<\/p>\n<hr data-start=\"3694\" data-end=\"3697\">\n<h2 data-start=\"3699\" data-end=\"3733\">10. Zmiany polityki prywatno\u015bci<\/h2>\n<p data-start=\"3735\" data-end=\"3899\">Administrator zastrzega sobie prawo do wprowadzania zmian w niniejszej Polityce prywatno\u015bci. Aktualna wersja dokumentu zawsze dost\u0119pna jest na stronie internetowej.<\/p>\t\t\t\t\t\t\t\t<\/div>\n\t\t\t\t\t<\/div>\n\t\t\t\t<\/div>\n\t\t\t\t<\/div>\n\t\t","protected":false},"excerpt":{"rendered":"<p>Polityka prywatno\u015bci 1. Informacje og\u00f3lne Niniejsza Polityka prywatno\u015bci okre\u015bla zasady przetwarzania danych osobowych oraz wykorzystywania plik\u00f3w cookies przez U\u017cytkownik\u00f3w strony [&hellip;]<\/p>\n","protected":false},"author":1,"featured_media":0,"parent":0,"menu_order":0,"comment_status":"closed","ping_status":"closed","template":"","meta":{"site-sidebar-layout":"no-sidebar","site-content-layout":"","ast-site-content-layout":"full-width-container","site-content-style":"default","site-sidebar-style":"default","ast-global-header-display":"","ast-banner-title-visibility":"","ast-main-header-display":"","ast-hfb-above-header-display":"","ast-hfb-below-header-display":"","ast-hfb-mobile-header-display":"","site-post-title":"disabled","ast-breadcrumbs-content":"","ast-featured-img":"disabled","footer-sml-layout":"","ast-disable-related-posts":"","theme-transparent-header-meta":"","adv-header-id-meta":"","stick-header-meta":"","header-above-stick-meta":"","header-main-stick-meta":"","header-below-stick-meta":"","astra-migrate-meta-layouts":"default","ast-page-background-enabled":"default","ast-page-background-meta":{"desktop":{"background-color":"var(--ast-global-color-5)","background-image":"","background-repeat":"repeat","background-position":"center center","background-size":"auto","background-attachment":"scroll","background-type":"","background-media":"","overlay-type":"","overlay-color":"","overlay-opacity":"","overlay-gradient":""},"tablet":{"background-color":"","background-image":"","background-repeat":"repeat","background-position":"center center","background-size":"auto","background-attachment":"scroll","background-type":"","background-media":"","overlay-type":"","overlay-color":"","overlay-opacity":"","overlay-gradient":""},"mobile":{"background-color":"","background-image":"","background-repeat":"repeat","background-position":"center center","background-size":"auto","background-attachment":"scroll","background-type":"","background-media":"","overlay-type":"","overlay-color":"","overlay-opacity":"","overlay-gradient":""}},"ast-content-background-meta":{"desktop":{"background-color":"var(--ast-global-color-4)","background-image":"","background-repeat":"repeat","background-position":"center center","background-size":"auto","background-attachment":"scroll","background-type":"","background-media":"","overlay-type":"","overlay-color":"","overlay-opacity":"","overlay-gradient":""},"tablet":{"background-color":"var(--ast-global-color-4)","background-image":"","background-repeat":"repeat","background-position":"center center","background-size":"auto","background-attachment":"scroll","background-type":"","background-media":"","overlay-type":"","overlay-color":"","overlay-opacity":"","overlay-gradient":""},"mobile":{"background-color":"var(--ast-global-color-4)","background-image":"","background-repeat":"repeat","background-position":"center center","background-size":"auto","background-attachment":"scroll","background-type":"","background-media":"","overlay-type":"","overlay-color":"","overlay-opacity":"","overlay-gradient":""}},"footnotes":""},"class_list":["post-457","page","type-page","status-publish","hentry"],"_links":{"self":[{"href":"https:\/\/dkm-cnc.com\/index.php?rest_route=\/wp\/v2\/pages\/457","targetHints":{"allow":["GET"]}}],"collection":[{"href":"https:\/\/dkm-cnc.com\/index.php?rest_route=\/wp\/v2\/pages"}],"about":[{"href":"https:\/\/dkm-cnc.com\/index.php?rest_route=\/wp\/v2\/types\/page"}],"author":[{"embeddable":true,"href":"https:\/\/dkm-cnc.com\/index.php?rest_route=\/wp\/v2\/users\/1"}],"replies":[{"embeddable":true,"href":"https:\/\/dkm-cnc.com\/index.php?rest_route=%2Fwp%2Fv2%2Fcomments&post=457"}],"version-history":[{"count":13,"href":"https:\/\/dkm-cnc.com\/index.php?rest_route=\/wp\/v2\/pages\/457\/revisions"}],"predecessor-version":[{"id":472,"href":"https:\/\/dkm-cnc.com\/index.php?rest_route=\/wp\/v2\/pages\/457\/revisions\/472"}],"wp:attachment":[{"href":"https:\/\/dkm-cnc.com\/index.php?rest_route=%2Fwp%2Fv2%2Fmedia&parent=457"}],"curies":[{"name":"wp","href":"https:\/\/api.w.org\/{rel}","templated":true}]}}